 - 18 = h*b, -5*l + 90 = 4*b. What is the remainder when 34 is divided by l?
16
Suppose 0 = -y - 4 + 8. Suppose 0*i = -3*i + y*v + 17, 3*i - v - 20 = 0. Calculate the remainder when i is divided by 3.
1
Suppose 0*t + 4*t = 16. Let s be 8/4 + (-2 - 1). Let q = t + s. Calculate the remainder when 8 is divided by q.
2
Suppose 11*u = 10*u + 20. Calculate the remainder when 59 is divided by u.
19
Let k(a) = -17*a - 27. Calculate the remainder when k(-4) is divided by 14.
13
Suppose 0 = 4*c + 3*m - 85, 5*c - 5*m - 73 = 77. What is the remainder when 122 is divided by c?
22
What is the remainder when 7 is divided by 8/10 + 32/10?
3
Suppose 2*o - 20 = 5*h, -2*h = -0*o - 3*o + 8. Let v(l) = -2*l + 6. What is the remainder when 28 is divided by v(o)?
4
Let y = 107 + -27. Suppose 7 = -4*b - 9. Calculate the remainder when y is divided by (b/(-6))/(16/648).
26
Let s = 23 - 15. What is the remainder when 23 is divided by s?
7
Suppose 0 = -4*h + 7*h. Suppose h = -5*o + 31 + 94. Calculate the remainder when o is divided by 14.
11
Let k = 70 - 33. Let l(g) = 5*g**2 - 23*g + 6. Let n(r) = -2*r**2 + 11*r - 3. Let h(c) = -3*l(c) - 7*n(c). What is the remainder when k is divided by h(-7)?
7
Suppose 9 = 2*t + 1. Let l = 15 - 10. Suppose -t*v + 17 = 3*a - 0*v, l = a + v. What is the remainder when 4 is divided by a?
1
Let a(n) = -2*n + 4. Let q be a(-3). Suppose -2*m + 15 = 3*z - q, 3*z = 4*m - 5. Calculate the remainder when 8 is divided by z.
3
What is the remainder when 16 is divided by -2 - ((-10)/(-20) - 46/4)?
7
Suppose -4*j = -j - 213. What is the remainder when j is divided by 18?
17
Suppose 0 = -2*t + 6 + 8. Let a(s) = 2*s**2 - 2*s + 1. Calculate the remainder when a(3) is divided by t.
6
Let x be (6/(-4))/(9/(-12)). Suppose -x*o = 0, -5*s - 80 - 160 = o. What is the remainder when 27 is divided by s/(-3) + (-1 - 1)?
13
Let o = -8 + 23. Let f(h) = h**2 - 9*h - 6. Let k be f(10). Suppose -v - 2*b + 38 = k*v, 2*b - 30 = -4*v. Calculate the remainder when o is divided by v.
7
Suppose 0 = -a + 3*a - 32. Let q(f) = -46*f. What is the remainder when q(-1) is divided by a?
14
Suppose 9 = -0*j + 3*j, -3*c = 3*j - 45. What is the remainder when 39 is divided by ((-5)/(-3))/(2/c)?
9
Let w be 4/6*-3 - -6. Let v = -39 + 74. Suppose 5*q = 2*x - v, -2*x + w*q = x - 49. Calculate the remainder when 29 is divided by x.
14
Let o = -17 - -14. Suppose -3*c + 6*c - 6 = 0. Calculate the remainder when o/2*(-24)/9 is divided by c.
0
Let w = 3 + 9. Let f(i) = -i + 7. Let o be f(8). Let y = w - o. Calculate the remainder when y is divided by 5.
3
Let l = 63 - 58. What is the remainder when l is divided by 5?
0
Suppose 6*n + 2*h - 204 = n, -3*n = -3*h - 114. Calculate the remainder when n is divided by 14.
12
Let p(i) = -8*i - 14. Suppose -3*b = -8*b - 40. Calculate the remainder when p(b) is divided by 13.
11
Suppose -5*p = 5*j - 65, -4 - 28 = -2*j + p. Let g = -14 + 43. What is the remainder when g is divided by j?
14
Suppose 5*h + 15 = -0*h. Calculate the remainder when 3 is divided by (5/(-10))/(h/18).
0
Suppose 224 = 5*f - l, -10*f - 179 = -14*f + l. Let j(h) = -2*h. What is the remainder when f is divided by j(-6)?
9
Let n(l) = l + 8. Let p be n(-6). Suppose 0 = -7*g + p*g + 30. Calculate the remainder when 16 is divided by g.
4
Let c = 484 + -324. Suppose c = -2*s + 6*s - 2*d, -5*s + 5*d = -205. Let r(x) = 4*x - 12. Calculate the remainder when s is divided by r(8).
19
Let w = 37 - 28. What is the remainder when w is divided by 3?
0
Suppose 3*t + 4*m = 20, -2*m + 7*m - 25 = -3*t. Suppose -3*f + 2 = 2*l, -l = 2*f - t - 3. Let r = 1 - -2. What is the remainder when f is divided by r?
1
Suppose -3*b = j - 2*j + 5, 12 = 5*j - 2*b. Calculate the remainder when ((-124)/(-6))/(j/3) is divided by 16.
15
Let z be (6/8)/(1/(-4)). Let h be (-44)/16 - z/4. Let t = h - -16. Calculate the remainder when t is divided by 8.
6
Let w = -58 + 66. What is the remainder when w is divided by 5?
3
Suppose 0 = o + 5, -3*d + 2*d = 2*o + 8. What is the remainder when 3 is divided by d?
1
Let m = -54 - -58. Calculate the remainder when 17 is divided by m.
1
Let a be 0 - (-3 + (1 - 23)). Let l(n) = 5 + 2*n - n - 2 + a. What is the remainder when l(0) is divided by 15?
13
Let n(q) be the first derivative of -5*q**2/2 + 2*q - 6. What is the remainder when 34 is divided by n(-2)?
10
Suppose -9*z = -121 - 113. What is the remainder when z is divided by 10?
6
What is the remainder when 490/12 + 8/48 is divided by 11?
8
Suppose 2*x = 0, 2*w - 10 = -3*x + 22. Let d be 1*(0 + (2 - 1)). Calculate the remainder when w is divided by 18/(d - -1 - 0).
7
Let d(l) = l + 20. Suppose -11 = -3*q + 2*q. Calculate the remainder when q is divided by d(-13).
4
Suppose 2*s + 6 = 134. Suppose -5*v = l - 3*l - 112, 0 = 3*v + 2*l - s. What is the remainder when v is divided by 12?
10
Let f = 18 - -8. What is the remainder when 49 is divided by f?
23
Let c = 2 + 1. Calculate the remainder when 8 is divided by c.
2
Suppose -4*n + 6 = -n. Suppose n*v + 3*v = 105. What is the remainder when 60 is divided by v?
18
Suppose 5*r + 14 = 2*q - 3*q, 4*q + 3*r = 12. What is the remainder when 15 is divided by q?
3
Let v = 69 - 62. Calculate the remainder when 11 is divided by v.
4
Suppose 5 = -s + 17. Suppose 4*p = -d + 88, -3*p - 3*d = -0*p - 66. What is the remainder when p is divided by s?
10
Let m be ((-2)/(-3))/(4/18). Suppose -x + 28 = m*x. Calculate the remainder when 13 is divided by x.
6
Let z = 98 - 42. Let p = -10 + 29. Calculate the remainder when z is divided by p.
18
Let r = 82 - 46. Let y(h) = 6*h + 1. Let l be 82/26 + 4/(-26). Calculate the remainder when r is divided by y(l).
17
Let c(d) = -8*d + 6*d - 6*d + 3 + 0*d. Calculate the remainder when 80 is divided by c(-3).
26
Let h be (-1)/(-3) - (-66)/(-9). Let c = 7 - h. Let w(l) = 4*l**2 + 3*l - 1. Calculate the remainder when w(-3) is divided by c.
12
Let j = -37 - -56. Suppose -z + 3 = 2*z. What is the remainder when j is divided by (8/24)/(z/30)?
9
Let u(n) = n**2 + 2*n - 4. Let m(w) = w**2 + 14*w + 74. What is the remainder when m(-11) is divided by u(3)?
8
Let n(k) = k + 3. Let i be n(3). Suppose i + 11 = g. What is the remainder when 50 is divided by g?
16
What is the remainder when 134 is divided by -3*(-472)/42 - (-4)/14?
32
Suppose 0*o = 2*o - 10. Let t(p) = p**2 + 4*p + 7. Suppose -5*h - 21 = 9. What is the remainder when t(h) is divided by o?
4
Let t = 110 + -95. Calculate the remainder when t is divided by 8.
7
Let l = 24 - 17. Let q(j) = 20*j**2 + j. Let m(d) = -21*d**2 - 2*d. Let r(n) = 3*m(n) + 4*q(n). Calculate the remainder when r(-1) is divided by l.
5
Let q(t) be the third derivative of 29*t**6/120 + t**5/60 - t**3/6 - 3*t**2. Calculate the remainder when q(1) is divided by 10.
9
Let u = -36 - -64. Suppose -t + 4*t = -5*p - u, -1 = t. Let s(a) = -a**2 - 7*a + 3. Calculate the remainder when 38 is divided by s(p).
12
Suppose -2*s = -7*s - 4*d + 18, 12 = 4*s + 4*d. What is the remainder when 40 is divided by s?
4
Suppose o = 15 - 3. What is the remainder when o is divided by 5?
2
Let b(p) = -p**2 + 6*p + 8. What is the remainder when 15 is divided by b(6)?
7
Let x(h) = 2*h + 45. Calculate the remainder when x(17) is divided by 10.
9
Let s = 58 - 53. Calculate the remainder when 84 is divided by s.
4
Let p be (28/16)/(2/8). Let g = 9 - p. Calculate the remainder when g is divided by 1.
0
Let j(t) = -5*t - 2. What is the remainder when j(-2) is divided by 5?
3
Let q = -2 + 0. Let v = -1 + q. Calculate the remainder when 23 is divided by 2/v + (-52)/(-6).
7
Suppose -c - 38 = -3*c. Let n(r) = -r**2 + 10*r - 9. What is the remainder when c is divided by n(8)?
5
Let g(i) = 2*i**3 - 2*i**2 - 2*i. Let a be g(3). Suppose -2*r + 0*r + a = 0. What is the remainder when 28 is divided by r?
13
Let o = 52 - 40. What is the remainder when 46 is divided by o?
10
Let j(n) = n**3 + n**2 - 4*n - 1. Let o be j(3). Suppose -2*k + 9 = -o. What is the remainder when 31 is divided by k?
15
Let p(m) = 46*m**3 + m**2. Let n(o) = -o**3 + 17*o**2 - 28*o - 20. What is the remainder when p(1) is divided by n(15)?
7
Let k(h) = -h**3 + 7*h**2 + 9*h + 22. What is the remainder when 117 is divided by k(8)?
27
Let v(i) = 8*i + 4. Let l be v(-3). Let s = 45 + l. Let f(o) = o**2 + 2*o + 